Is 1131157 composite?
False
Is 11113 a prime number?
True
Is 134909 a composite number?
False
Is 304789 prime?
True
Is 613 a composite number?
False
Is 4817 a composite number?
False
Is 199583 a composite number?
False
Is 4201 composite?
False
Is 1754147 a composite number?
False
Is 435911 a prime number?
False
Is 30353 a composite number?
True
Is 22181 composite?
True
Is 8923 composite?
False
Is 112831 a prime number?
True
Is 2923 composite?
True
Is 31711 prime?
False
Is 149761 a prime number?
False
Is 572089 a prime number?
False
Is 59845 prime?
False
Is 18583 a prime number?
True
Is 24257 prime?
False
Is 20639 prime?
True
Is 1294231 a prime number?
True
Is 150827 composite?
False
Is 65791 a prime number?
False
Is 57059 composite?
False
Is 17159 a prime number?
True
Is 281769 a composite number?
True
Is 1045571 a composite number?
False
Is 32251 a prime number?
True
Is 13361 prime?
False
Is 3907 a composite number?
False
Is 2513 prime?
False
Is 148661 a composite number?
True
Is 140143 a composite number?
False
Is 7279 composite?
True
Is 7723 composite?
False
Is 370103 composite?
False
Is 5062 a prime number?
False
Is 3593 a prime number?
True
Is 3194 a composite number?
True
Is 332659 composite?
True
Is 104503 a composite number?
True
Is 330557 prime?
True
Is 610721 a prime number?
True
Is 1135819 prime?
True
Is 134231 composite?
True
Is 63203 prime?
False
Is 45281 composite?
False
Is 2262937 prime?
True
Is 107419 a composite number?
True
Is 109555 prime?
False
Is 6457 a composite number?
True
Is 1963 a prime number?
False
Is 9509 composite?
True
Is 10651 composite?
False
Is 1327 composite?
False
Is 35729 a composite number?
False
Is 958871 a composite number?
False
Is 464513 a composite number?
True
Is 86743 a prime number?
True
Is 965015 prime?
False
Is 90113 prime?
False
Is 2017 composite?
False
Is 11069 composite?
False
Is 688003 composite?
False
Is 102761 composite?
False
Is 229247 a prime number?
True
Is 434419 composite?
True
Is 267713 composite?
False
Is 8557 composite?
True
Is 80399 a composite number?
True
Is 157621 composite?
True
Is 329033 a prime number?
False
Is 10085 a prime number?
False
Is 7273 composite?
True
Is 68993 a prime number?
True
Is 63721 prime?
False
Is 42049 a prime number?
False
Is 1221373 prime?
True
Is 263267 a prime number?
True
Is 211039 composite?
False
Is 1973 composite?
False
Is 1382777 a prime number?
False
Is 53617 a composite number?
False
Is 2983 prime?
False
Is 695458 a prime number?
False
Is 751 a prime number?
True
Is 150607 composite?
False
Is 9533 a composite number?
False
Is 11303 a composite number?
True
Is 20323 prime?
True
Is 15501 a composite number?
True
Is 1813841 composite?
True
Is 2581 composite?
True
Is 230099 composite?
True
Is 570637 prime?
True
Is 21401 a composite number?
False
Is 6421 a prime number?
True
Is 54211 prime?
False
Is 109037 composite?
False
Is 307 composite?
False
Is 1939837 a prime number?
True
Is 5873 a prime number?
False
Is 427379 composite?
False
Is 3829 prime?
False
Is 6092165 composite?
True
Is 114857 prime?
False
Is 347401 a prime number?
True
Is 24727 composite?
True
Is 1615371 composite?
True
Is 83933 a prime number?
True
Is 232259 a prime number?
True
Is 6709 a prime number?
True
Is 14923 prime?
True
Is 1939 a prime number?
False
Is 275813 prime?
True
Is 26137 prime?
False
Is 7597 a composite number?
True
Is 364466 a composite number?
True
Is 29081 prime?
False
Is 381 a prime number?
False
Is 367069 composite?
False
Is 30359 a prime number?
False
Is 22007 a composite number?
True
Is 2130889 composite?
True
Is 70423 prime?
True
Is 193003 prime?
True
Is 7741 a prime number?
True
Is 12457 composite?
False
Is 13477 prime?
True
Is 1089379 prime?
False
Is 412423 composite?
True
Is 1853965 composite?
True
Is 49817 composite?
True
Is 166841 prime?
True
Is 1810231 a composite number?
True
Is 8887 composite?
False
Is 51169 composite?
False
Is 2921 a prime number?
False
Is 1408279 a composite number?
False
Is 207643 prime?
True
Is 2317 composite?
True
Is 4727 a composite number?
True
Is 479 a composite number?
False
Is 41989 a prime number?
False
Is 4237239 a prime number?
False
Is 1599803 a composite number?
False
Is 5051 composite?
False
Is 194179 prime?
True
Is 45842 a composite number?
True
Is 23117 a composite number?
False
Is 178 a prime number?
False
Is 80221 prime?
True
Is 9941 composite?
False
Is 106409 a composite number?
True
Is 35267 a prime number?
True
Is 31634 a prime number?
False
Is 47087 a composite number?
False
Is 48005 a composite number?
True
Is 74506 a prime number?
False
Is 357662 a prime number?
False
Is 1081 prime?
False
Is 1735805 composite?
True
Is 742217 a prime number?
False
Is 4507 a composite number?
False
Is 13001 composite?
False
Is 6803 prime?
True
Is 262093 prime?
False
Is 105351 composite?
True
Is 3049 composite?
False
Is 3065333 composite?
False
Is 7433 a composite number?
False
Is 15961 a prime number?
False
Is 46479 a composite number?
True
Is 34627 a prime number?
False
Is 1657 composite?
False
Is 51823 prime?
False
Is 2939747 a composite number?
False
Is 2819 prime?
True
Is 3761 a prime number?
True
Is 635 composite?
True
Is 174013 prime?
False
Is 527259 a prime number?
False
Is 6329 composite?
False
Is 24689 composite?
True
Is 40879 a composite number?
False
Is 18053 prime?
False
Is 7283 a prime number?
True
Is 147311 a prime number?
True
Is 1765201 prime?
False
Is 36607 composite?
False
Is 10937 composite?
False
Is 50639 composite?
True
Is 1399 composite?
False
Is 72271 prime?
True
Is 26813 prime?
True
Is 1039 prime?
True
Is 1256843 prime?
False
Is 8095 a composite number?
True
Is 129671 prime?
True
Is 405487 prime?
True
Is 60769 a composite number?
True
Is 9803 a prime number?
True
Is 80221 prime?
True
Is 52667 a prime number?
True
Is 10427 a prime number?
True
Is 1361 a composite number?
False
Is 270931 prime?
True
Is 18859 a composite number?
False
Is 72589 a prime number?
False
Is 27923 a prime number?
False
Is 306155 prime?
False
Is 232833 a prime number?
False
Is 4327 prime?
True
Is 2827 prime?
False
Is 2605 composite?
True
Is 187861 composite?
False
Is 168761 composite?
False
Is 1282115 a prime number?
False
Is 2361 prime?
False
Is 238613 composite?
True
Is 171103 a prime number?
True
Is 972221 a prime number?
True
Is 292319 composite?
False
Is 571 composite?
False
Is 1973 a composite number?
False
Is 88833 composite?
True
Is 133219 a prime number?
False
Is 309953 prime?
False
Is 62591 composite?
False
Is 150287 a prime number?
True
Is 782309 prime?
False
Is 1079 prime?
False
Is 11177 a composite number?
False
Is 67339 composite?
False
Is 3163 prime?
True
Is 337 composite?
False
Is 33287 a composite number?
False
Is 80117 a prime number?
False
Is 990349 a prime number?
True
Is 81794 a composite number?
True
Is 501803 prime?
True
Is 150799 prime?
False
Is 3869 a composite number?
True
Is 47423 a composite number?
True
Is 9613 a prime number?
True
Is 128791 a prime number?
False
Is 22735 composite?
True
Is 22669 a prime number?
True
Is 3598549 a prime number?
True
Is 13171 a prime number?
True
Is 1229483 prime?
True
Is 12821 a prime number?
True
Is 3163 composite?
False
Is 3134 a prime number?
False
Is 13323 a composite number?
True
Is 2651 a composite number?
True
Is 19187 prime?
False
Is 42113 composite?
True
Is 120121 a composite number?
False
Is 687457 a composite number?
False
Is 4038745 composite?
True
Is 20005 a composite number?
True
Is 18041 a composite number?
False
Is 601597 a prime number?
False
Is 18841 a prime number?
False
Is 55373 a composite number?
False
Is 202967 a prime number?
True
Is 281527 a prime number?
True
Is 131259 prime?
False
Is 37001 a composite number?
True
Is 639961 composite?
True
Is 9527 a composite number?
True
Is 15709 composite?
True
Is 386411 prime?
True
Is 2833 prime?
True
Is 101553 prime?
False
Is 5169 composite?
True
Is 208113 a composite number?
True
Is 132911 a prime number?
True
Is 12677 composite?
True
Is 8497 a prime number?
False
Is 388211 composite?
False
Is 303803 a composite number?
False
Is 68659 a composite number?
False
Is 77 prime?
False
Is 60769 a prime number?
False
Is 108631 a prime number?
True
Is 23149 a composite number?
True
Is 3487 a prime number?
False